{"id":537,"date":"2024-06-18T09:11:35","date_gmt":"2024-06-18T09:11:35","guid":{"rendered":"https:\/\/fv-kita-hoeingen.de\/?page_id=537"},"modified":"2024-06-18T09:29:51","modified_gmt":"2024-06-18T09:29:51","slug":"weihnachtsgeschenk-arche","status":"publish","type":"page","link":"https:\/\/fv-kita-hoeingen.de\/?page_id=537","title":{"rendered":"Arche aus Holz"},"content":{"rendered":"\n<p class=\"has-text-align-center\">Zur Bereicherung der religionsp\u00e4dagogische Arbeit sorgte der F\u00f6rderverein Weihnachten 2023 f\u00fcr leuchtende Augen durch die Anschaffung einer Arche aus Holz inklusive Figuren.<\/p>\n\n\n<div class=\"wp-block-image\">\n<figure class=\"aligncenter size-full\"><img loading=\"lazy\" decoding=\"async\" width=\"796\" height=\"447\" src=\"https:\/\/fv-kita-hoeingen.de\/wp-content\/uploads\/2024\/06\/Bild1.jpg\" alt=\"\" class=\"wp-image-538\" srcset=\"https:\/\/fv-kita-hoeingen.de\/wp-content\/uploads\/2024\/06\/Bild1.jpg 796w, https:\/\/fv-kita-hoeingen.de\/wp-content\/uploads\/2024\/06\/Bild1-300x168.jpg 300w, https:\/\/fv-kita-hoeingen.de\/wp-content\/uploads\/2024\/06\/Bild1-768x431.jpg 768w, https:\/\/fv-kita-hoeingen.de\/wp-content\/uploads\/2024\/06\/Bild1-445x250.jpg 445w\" sizes=\"auto, (max-width: 796px) 100vw, 796px\" \/><\/figure>\n<\/div>\n\n<div class=\"wp-block-image\">\n<figure class=\"aligncenter size-full\"><img loading=\"lazy\" decoding=\"async\" width=\"2287\" height=\"2560\" src=\"https:\/\/fv-kita-hoeingen.de\/wp-content\/uploads\/2024\/06\/01_DSC01812-scaled.jpg\" alt=\"\" class=\"wp-image-539\" srcset=\"https:\/\/fv-kita-hoeingen.de\/wp-content\/uploads\/2024\/06\/01_DSC01812-scaled.jpg 2287w, https:\/\/fv-kita-hoeingen.de\/wp-content\/uploads\/2024\/06\/01_DSC01812-268x300.jpg 268w, https:\/\/fv-kita-hoeingen.de\/wp-content\/uploads\/2024\/06\/01_DSC01812-915x1024.jpg 915w, https:\/\/fv-kita-hoeingen.de\/wp-content\/uploads\/2024\/06\/01_DSC01812-768x860.jpg 768w, https:\/\/fv-kita-hoeingen.de\/wp-content\/uploads\/2024\/06\/01_DSC01812-1372x1536.jpg 1372w, https:\/\/fv-kita-hoeingen.de\/wp-content\/uploads\/2024\/06\/01_DSC01812-1829x2048.jpg 1829w\" sizes=\"auto, (max-width: 2287px) 100vw, 2287px\" \/><\/figure>\n<\/div>","protected":false},"excerpt":{"rendered":"<p>Zur Bereicherung der religionsp\u00e4dagogische Arbeit sorgte der F\u00f6rderverein Weihnachten 2023 f\u00fcr leuchtende Augen durch die Anschaffung einer Arche aus Holz inklusive Figuren.<\/p>\n","protected":false},"author":1,"featured_media":0,"parent":0,"menu_order":0,"comment_status":"closed","ping_status":"closed","template":"","meta":{"footnotes":""},"class_list":["post-537","page","type-page","status-publish","hentry"],"_links":{"self":[{"href":"https:\/\/fv-kita-hoeingen.de\/index.php?rest_route=\/wp\/v2\/pages\/537","targetHints":{"allow":["GET"]}}],"collection":[{"href":"https:\/\/fv-kita-hoeingen.de\/index.php?rest_route=\/wp\/v2\/pages"}],"about":[{"href":"https:\/\/fv-kita-hoeingen.de\/index.php?rest_route=\/wp\/v2\/types\/page"}],"author":[{"embeddable":true,"href":"https:\/\/fv-kita-hoeingen.de\/index.php?rest_route=\/wp\/v2\/users\/1"}],"replies":[{"embeddable":true,"href":"https:\/\/fv-kita-hoeingen.de\/index.php?rest_route=%2Fwp%2Fv2%2Fcomments&post=537"}],"version-history":[{"count":3,"href":"https:\/\/fv-kita-hoeingen.de\/index.php?rest_route=\/wp\/v2\/pages\/537\/revisions"}],"predecessor-version":[{"id":558,"href":"https:\/\/fv-kita-hoeingen.de\/index.php?rest_route=\/wp\/v2\/pages\/537\/revisions\/558"}],"wp:attachment":[{"href":"https:\/\/fv-kita-hoeingen.de\/index.php?rest_route=%2Fwp%2Fv2%2Fmedia&parent=537"}],"curies":[{"name":"wp","href":"https:\/\/api.w.org\/{rel}","templated":true}]}}